 and 51?
17
Calculate the greatest common factor of 932 and 2097.
233
What is the highest common factor of 2158 and 1162?
166
Calculate the highest common divisor of 5 and 3395.
5
What is the highest common divisor of 46 and 1127?
23
Calculate the highest common divisor of 32 and 40.
8
What is the highest common divisor of 247 and 4?
1
Calculate the greatest common divisor of 63 and 28.
7
Calculate the greatest common factor of 38 and 14.
2
Calculate the greatest common divisor of 204 and 1173.
51
What is the highest common factor of 602 and 42?
14
What is the highest common divisor of 60 and 30?
30
What is the highest common factor of 1037 and 68?
17
What is the greatest common factor of 10 and 16?
2
What is the greatest common divisor of 399 and 231?
21
What is the highest common divisor of 15 and 975?
15
Calculate the highest common factor of 5256 and 72.
72
Calculate the greatest common factor of 4704 and 462.
42
Calculate the highest common factor of 98 and 343.
49
Calculate the greatest common divisor of 68 and 1156.
68
Calculate the greatest common factor of 255 and 15.
15
What is the highest common divisor of 192 and 12?
12
What is the greatest common factor of 1359 and 1510?
151
Calculate the highest common factor of 182 and 208.
26
Calculate the highest common factor of 15 and 305.
5
What is the highest common divisor of 1700 and 250?
50
Calculate the highest common factor of 3388 and 1232.
308
What is the greatest common divisor of 41528 and 464?
232
What is the highest common factor of 6 and 363?
3
Calculate the highest common factor of 238 and 602.
14
Calculate the highest common factor of 31 and 14477.
31
What is the highest common factor of 33 and 11?
11
What is the highest common divisor of 8 and 1?
1
What is the greatest common factor of 72 and 54?
18
Calculate the highest common divisor of 1120 and 154.
14
What is the greatest common factor of 44 and 200?
4
Calculate the highest common divisor of 120 and 1770.
30
Calculate the highest common factor of 3185 and 325.
65
What is the highest common factor of 98 and 8477?
49
Calculate the greatest common factor of 1127 and 23.
23
Calculate the greatest common factor of 45 and 870.
15
Calculate the greatest common factor of 36486 and 18.
18
What is the greatest common divisor of 38 and 646?
38
What is the greatest common divisor of 72 and 3432?
24
Calculate the highest common divisor of 4641 and 84.
21
Calculate the highest common factor of 3737 and 404.
101
Calculate the highest common factor of 126 and 3066.
42
Calculate the highest common factor of 11473 and 33.
11
Calculate the highest common divisor of 30 and 1635.
15
What is the greatest common divisor of 1090 and 390?
10
What is the highest common factor of 11 and 7073?
11
What is the greatest common divisor of 507 and 676?
169
What is the greatest common factor of 658 and 14?
14
What is the highest common divisor of 1896 and 1560?
24
What is the highest common factor of 64 and 208?
16
What is the highest common divisor of 9198 and 189?
63
Calculate the greatest common factor of 78 and 282.
6
Calculate the greatest common divisor of 95 and 19.
19
Calculate the highest common factor of 4 and 54.
2
Calculate the greatest common divisor of 396 and 126.
18
What is the highest common divisor of 32 and 11584?
32
Calculate the highest common divisor of 589 and 76.
19
What is the highest common factor of 2013 and 33?
33
What is the highest common factor of 512 and 80?
16
Calculate the highest common factor of 2265 and 120.
15
Calculate the highest common factor of 279 and 31.
31
What is the highest common factor of 9877 and 357?
119
What is the highest common divisor of 29 and 19169?
29
Calculate the greatest common factor of 66304 and 28.
28
Calculate the highest common factor of 8310 and 60.
30
What is the greatest common divisor of 54 and 13527?
27
What is the greatest common divisor of 27334 and 158?
158
Calculate the highest common divisor of 860 and 140.
20
What is the highest common factor of 43 and 1935?
43
What is the greatest common factor of 15 and 175?
5
What is the highest common divisor of 30 and 12?
6
What is the greatest common factor of 205 and 2542?
41
What is the greatest common divisor of 137 and 3699?
137
Calculate the greatest common divisor of 18 and 596.
2
Calculate the greatest common divisor of 103 and 36359.
103
What is the greatest common divisor of 360 and 7080?
120
Calculate the greatest common factor of 165 and 99.
33
What is the greatest common factor of 19 and 57?
19
Calculate the highest common factor of 10 and 1740.
10
Calculate the greatest common divisor of 85 and 1037.
17
What is the highest common divisor of 93 and 7533?
93
What is the highest common factor of 133 and 21?
7
Calculate the greatest common divisor of 1771 and 207.
23
What is the greatest common factor of 99 and 83259?
99
What is the greatest common factor of 16 and 76?
4
Calculate the highest common factor of 540 and 156.
12
What is the highest common factor of 8 and 62?
2
Calculate the highest common divisor of 351 and 1131.
39
What is the highest common divisor of 39744 and 138?
138
Calculate the highest common divisor of 131 and 6943.
131
What is the greatest common divisor of 4108 and 13?
13
Calculate the highest common factor of 793 and 39.
13
What is the greatest common divisor of 1524 and 156?
12
Calculate the greatest common factor of 40 and 5.
5
Calculate the highest common divisor of 610 and 20.
10
What is the highest common factor of 3384 and 9?
9
Calculate the highest common divisor of 425 and 50.
25
Calculate the greatest common divisor of 9 and 171.
9
Calculate the greatest common divisor of 17 and 1088.
17
Calculate the highest common divisor of 28 and 4.
4
Calculate the greatest common divisor of 458 and 7557.
229
Calculate the highest common factor of 16 and 2024.
8
Calculate the greatest common divisor of 2233 and 232.
29
What is the greatest common factor of 338 and 52?
26
What is the highest common divisor of 2 and 780?
2
Calculate the highest common divisor of 4912 and 16.
16
What is the greatest common factor of 86 and 301?
43
Calculate the greatest common divisor of 10 and 490.
10
Calculate the greatest common factor of 918 and 6.
6
Calculate the greatest common factor of 364 and 767.
13
What is the highest common divisor of 848 and 48?
16
Calculate the greatest common factor of 118 and 3776.
118
What is the highest common divisor of 20 and 250?
10
Calculate the highest common factor of 68 and 187.
17
Calculate the highest common factor of 8 and 648.
8
Calculate the greatest common divisor of 54 and 135.
27
What is the highest common factor of 3948 and 672?
84
What is the highest common divisor of 154 and 6?
2
Calculate the greatest common divisor of 192 and 624.
48
Calculate the highest common divisor of 11 and 106447.
11
Calculate the highest common factor of 4520 and 320.
40
Calculate the highest common factor of 4 and 10.
2
What is the greatest common factor of 62 and 19902?
62
What is the greatest common divisor of 5312 and 64?
64
Calculate the highest common factor of 9 and 1361.
1
What is the greatest common factor of 891 and 189?
27
What is the greatest common factor of 666 and 18?
18
What is the greatest common divisor of 54 and 128?
2
What is the greatest common divisor of 5181 and 33?
33
What is the greatest common factor of 42 and 49?
7
What is the highest common divisor of 3297 and 314?
157
What is the greatest common factor of 12 and 89340?
12
Calculate the greatest common divisor of 6 and 288.
6
Calculate the greatest common factor of 688 and 136.
8
What is the highest common factor of 80 and 64?
16
What is the highest common divisor of 1070 and 160?
10
What is the highest common factor of 335 and 90?
5
What is the highest common divisor of 11625 and 93?
93
What is the highest common divisor of 459 and 102?
51
Calculate the highest common factor of 368 and 13432.
184
What is the greatest common divisor of 245 and 80?
5
What is the highest common divisor of 71 and 284?
71
What is the greatest common divisor of 4 and 1480?
4
What is the greatest common factor of 701 and 3?
1
What is the highest common factor of 4182 and 1722?
246
Calculate the greatest common factor of 81763 and 22.
11
Calc